 + 38. Let i be 8/(-44) + 202/v. Let k(f) = 9 - 9 + f + i. What is k(0)?
9
Suppose -17 = -2*s + 5*v, 0 = -0*v + 4*v - 20. Suppose 3*y = u - 17, s = -5*y - 3*u + u. Let a(j) = j - 1. Give a(y).
-6
Let y = -18491 - -18481. Let f(g) = -2*g**2 - 18*g - 33. What is f(y)?
-53
Suppose 3*s + 2*k = 9, -12*s - 3*k = -13*s + 25. Let d(g) = -6*g - 9. Calculate d(s).
-51
Let r(x) = x**2 + x - 39. Let v(w) = 2*w**3 - 9*w**2 - 23*w + 114. Let m(i) = -2*r(i) - v(i). Determine m(5).
-6
Let x(i) = -i**3 + 17*i**2 + 12*i + 22. Let r = -1806 - -1824. What is x(r)?
-86
Let w(t) be the second derivative of 2/3*t**3 + 0 + 162*t + t**2 - 1/6*t**4. Give w(4).
-14
Let c be (-1)/((-10)/(-7)) + 164/20 + -7. Let o(h) be the first derivative of 1/3*h**3 - c*h**4 + 0*h**2 + 8 + 2*h. Determine o(2).
-10
Let v(t) = 19 + 125*t + 126*t - 249*t. Let x(a) = -a**3 + 6*a**2 + 8*a - 16. Let m be x(7). Calculate v(m).
1
Let z(v) = -7*v**2 + 1074 - 1073 + v**2. Let p(y) = 10*y + 2. Let f be p(2). Let q = f + -23. Give z(q).
-5
Let a be 1/1 - (-5)/25*-5. Suppose -2*q + x + 9 + 20 = 0, a = 3*q + 4*x - 49. Let j(y) = 6*y - 6 - 24*y + q*y. Calculate j(-4).
6
Let x = 19335 + -19328. Let y(d) = -3*d**2 + 15*d + 4. Determine y(x).
-38
Let r = 71 + 125. Let w = r - 199. Let k(x) = x**2 + 2*x - 1. What is k(w)?
2
Let w(y) = -y**3 + 2*y**2 + 6*y + 6. Let t be w(-4). Suppose -2*b - 3*x = -0*b - t, -b - 3*x + 39 = 0. Let q = b + -34. Let a(p) = -p + 5. Calculate a(q).
0
Let i(y) = -3*y + 6*y - 3010 + 3008 - 5*y. Let l(p) = 4*p - p**2 + 0*p**2 - 3 + p**3 + 7*p**2 - p. Let v be l(-5). Determine i(v).
-16
Let i(p) = -4*p**2 - 135*p + 50. Suppose 382*h + 2074 = 321*h. Give i(h).
16
Suppose 7 - 2 = g. Let f = 1 + g. Let r(p) be the third derivative of p**6/120 - 7*p**5/60 + 5*p**4/24 + 4*p**3/3 - 331*p**2 - 8*p - 2. Give r(f).
2
Let q(t) = t**3 - 9*t**2 + 69*t - 301. Let z be q(6). Let h(v) be the third derivative of -1/6*v**3 + 0*v + 0*v**4 - 31*v**2 + 1/20*v**z + 0. What is h(2)?
11
Let w be (-2)/(-9) + 1820/(-90). Let n(b) = -b**2 - 19*b + 20. Let y be n(w). Let o(v) = -v**3 - 1. Calculate o(y).
-1
Let h be 8 + 1 - 1*(-24)/(-6). Let v be 0/(-8 + h - 0). Let r(q) = q**3 - q**2 + 1. Give r(v).
1
Let y be (4/6)/((-24)/(-36)). Let f(l) = -l - 6. Let d(p) = 20*p + 130. Let s(z) = 6*d(z) + 130*f(z). Determine s(y).
-10
Let y = 8747 - 8752. Let p(q) = -18*q - 79. Give p(y).
11
Let x(s) = -63*s - 251. Let y be x(-11). Suppose -2*i = -440 + y. Let l(h) be the third derivative of h**5/30 - h**4/24 - h**3/6 + 2*h**2. Determine l(i).
2
Suppose 4*o - 4*v = -48, -5*v + 87 = 107. Let h(b) = b**2 + 21*b + 67. Give h(o).
-13
Suppose -6*o - 257 = -281. Let w(i) = i**3 + 11*i**2 - 3*i - 10. Let x(r) = r**3 + 10*r**2 - 4*r - 10. Let g(a) = o*w(a) - 3*x(a). Determine g(-14).
-10
Let g(t) = t**3 + 13*t**2 - 6*t + 14. Let x(p) = p**3 + 14*p**2 - 6*p + 16. Let d(f) = 7*g(f) - 6*x(f). Suppose 5*m = 0, -n + 5*m - 8 = -0*n. Determine d(n).
-14
Let q(s) be the second derivative of s**5/20 - s**4 + 13*s**3/6 - 3*s**2 - 6*s - 2. Let g be q(11). Let b(p) = -p + 11. Calculate b(g).
-5
Let p(s) = -2*s**3 + 21*s**2 + 20 + 12*s + 5*s**3 + 3*s. Let z(g) = 2*g**3 + 14*g**2 + 10*g + 14. Let h(t) = 5*p(t) - 7*z(t). Calculate h(-6).
8
Let c be (-616)/224 - 66/(-24). Let w(y) = -y**2 + 10*y - 15. Determine w(c).
-15
Let c = -3920 - -7841/2. Let k(j) be the first derivative of -1/3*j**3 - c*j**2 + j - 6 - j**4. Give k(1).
-5
Let j(k) = -k**3 - k**2 + 59*k + 15. Suppose 592 = -108*r + 81 - 353. Determine j(r).
-9
Let a = -44 - -58. Let c(o) = -a*o - 14*o**2 - 3*o + o**3 + 8*o**2 + 9. Let y be c(8). Let v(q) = -12*q**3 + q**2 - 2*q + 1. What is v(y)?
-12
Let r(q) = -q**3 + 4*q**2 + q - 2. Let d be r(4). Let c(u) be the third derivative of 0*u + 0 - 1/12*u**4 + 0*u**3 + 70*u**2. What is c(d)?
-4
Let n(b) be the second derivative of -133*b**3/6 + 261*b**2/2 - 3140*b. Determine n(2).
-5
Let r(p) = p + 20. Let c be r(-13). Suppose 3*q - 3*u = 9, q + 1 = -2*u + c. Let m be (-4 + 2 + 6/q)*0. Let h(x) = -x**2 + 8. Determine h(m).
8
Let b(y) = -5*y. Let x(v) = 27*v + 2. Let p(z) = 4*z + 18. Let k be p(1). Let l(d) = k*b(d) + 4*x(d). Give l(6).
-4
Suppose 0 = -5*h - 173 + 33. Let r = 20 + h. Let n(g) = 3*g + 1 - 4 + 2*g + 4*g - 10*g. Give n(r).
5
Suppose 42*f + 3 + 12 = 45*f. Let u(z) be the third derivative of 0*z - 7/24*z**4 - 1/2*z**3 - 4*z**2 + 0 + 1/60*z**f. What is u(7)?
-3
Let i(b) be the first derivative of -b**3 - b**2/2 + 86. Let j = -35 - -34. Calculate i(j).
-2
Let l(f) be the second derivative of f**3/2 - 19*f**2 + 318*f. Let h be 4/((-12)/(-33)) - -2. What is l(h)?
1
Let g = -27 - -79. Let t be -54 + g + (5/1 - 0). Let u(q) = -q**3 + 2*q**2 + 4*q - 2. Determine u(t).
1
Let w(b) = -13*b**2 - 422*b - 8 - 426*b + 835*b - b**3. Suppose l - 27 = -39. Calculate w(l).
4
Let i(n) = 6*n - 888*n**2 + n**3 + 448*n**2 - 5 + 439*n**2. Calculate i(3).
31
Suppose 6*l - 2*l + h = 1366, -6 = 3*h. Let n = l + -237. Let k = n + -111. Let y(a) = a**3 + 6*a**2 + 3*a + 2. Give y(k).
-16
Suppose 17*l - 27 = -10*l. Let a(d) = 168 - 341 - 5*d**3 + 174. Determine a(l).
-4
Let x(j) = -1. Let s(n) = -3*n - 18. Let b(k) = s(k) - 15*x(k). Let g(h) = 5*h + 2. Let q(w) = 3*b(w) + 2*g(w). Determine q(-5).
-10
Let w(s) = -79*s - 2055. Let z be w(-26). Let j(f) = 4*f**2 - 2*f - 5*f - 1 + 6*f. Give j(z).
4
Let a(h) = -24*h**2 - 18*h + 2. Let k(r) = 29*r**2 + 20*r - 1. Let o(l) = 6*a(l) + 5*k(l). Calculate o(10).
27
Let d = 34 - 28. Let k be ((-27)/(-9))/((-1)/(-3)). Let y(b) = -6*b**2 + k + 4*b**2 + 3*b**2 - 8*b. Give y(d).
-3
Let w(r) = -588*r - 9 + 270*r + 317*r. What is w(-15)?
6
Let d(m) = 4*m - 3175 - 3172 + 9520 - 3171. Determine d(2).
10
Let u = -1576 + 2242. Let k = -674 + u. Let j(c) = c + 18. Determine j(k).
10
Let g = 696 + -672. Let z(i) = g + 22 - 44 + 4*i. Give z(1).
6
Let x be (-2)/(-4) + 507/26. Suppose x*j = 21*j - 6. Let u(a) be the second derivative of a**4/12 - a**3 + a**2 + 2*a. Give u(j).
2
Suppose 28*o - 34*o + 42 = 0. Suppose -o*f - 62 = -20. Let d(m) = -5*m - 3. What is d(f)?
27
Let p(b) = -2*b + 18. Let c(x) = -x**3 + 7*x**2 - x - 6. Let m be c(3). Suppose -3 + m = 3*i. Calculate p(i).
2
Let m be ((-60)/(-2))/(21/567). Let u = -825 + m. Let a(x) = x - 12. Determine a(u).
-27
Let x(f) be the first derivative of -f**4/24 + 5*f**3/6 + 43*f**2/2 + 59. Let k(j) be the second derivative of x(j). What is k(-4)?
9
Suppose -4*x - 21*x + 55*x = 8*x. Let q(d) be the third derivative of -4/3*d**3 + x - 22*d**2 + 0*d - 1/24*d**4. Calculate q(-10).
2
Let y(o) be the second derivative of -15/2*o**2 + 87*o + 11/3*o**3 + 0 + 5/3*o**4 - 1/20*o**5. What is y(21)?
6
Let u(z) = z**3 - 6*z**2 - z. Let v(l) = -36*l + 86 + 32*l + 24*l. Let k be v(-4). Calculate u(k).
-6
Let o = 600 - 191. Let c(f) = o - f**2 - 2*f - 412 - 2*f**2. Suppose 12*q + 6*q + 36 = 0. Give c(q).
-11
Let j = 10675 - 10731. Let x(i) = -3*i**2 - 167*i + 68. Determine x(j).
12
Let v(b) be the second derivative of b**5/20 + 2*b**4/3 + 2*b**3/3 - 10*b**2 - 733*b. What is v(-7)?
1
Let w(t) be the first derivative of -t**2/2 - 359. Suppose 0*q + 3*q + 12 = 0. Determine w(q).
4
Let r(s) = -10224*s - 61347. Let f be r(-6). Let l(a) = -a**2 + a + 1. Let q(i) = 7*i**2 - i - 4. Let y(m) = 6*l(m) + q(m). Give y(f).
-4
Let o(v) = -23*v - 195. Let p be o(-22). Let s = p - 320. Let r(h) = -h**3 - 10*h**2 - 9*h - 8. Determine r(s).
-8
Let r(z) be the first derivative of 5/3*z**3 - 8*z - 1/4*z**4 + 12 + 4*z**2. Determine r(6).
4
Let p = -1 + 2. Let g(u) be the second derivative of 0 - 28*u + 1/3*u**3 + 1/2*u**2. Determine g(p).
3
Let h(c) = -c**3 + 10*c**2 - 5. Let b be (-1)/(-4)*(-8)/(-6)*-2259. Let y = b - -763. What is h(y)?
-5
Let z(c) = c**2 + c. Let a(g) = 2*g**2 + 10*g - 4. Let n(u) = a(u) - 3*z(u). Suppose 74 = -5*r - 3*s, -4*r - 3*s = -21 + 82. Let v = 16 + r. Calculate n(v).
8
Let d be (11 + -36)*(-3)/(9/39). Let m = d + -321. Let g(y) = -y**2 + 3*y + 1. What is g(m)?
-3
Suppose -15*r = -615 - 165. Suppose -25*k - r = 73. Let f(d) be the first derivative of -d**2 + 3*d - 2. Give f(k).
13
Suppose -5*o + 4 = -4*m, -o + 5*o - 2*m - 2 = 0. Let y(k) = 8 + 7*k**2 + o*k - 5*k**3 + 6*k**3 + 2*k. Let f be 8/56 + (-100)/14. Determine y(f).
-6
Let z(b) = -b**3 + 12*b**2 - 11*b - 7. Let x = 12218 - 12207. Determ